-h = -y*h - 2*t - 20. Calculate the highest common factor of m and h.
7
Let n be (-64)/(-32)*2/((-3)/(-6)*1). Let m be (-2)/(-3) + (-502)/(-3). Suppose s = -2*s + m. Calculate the greatest common divisor of n and s.
8
Suppose -6*q + 9*q = 2*h + 688, -234 = -q - 4*h. Calculate the highest common factor of 70 and q.
10
Suppose 5*p - 89 = -2*d + 16, -3*d + 5*p = -95. Let n be (-346)/(-10) + 16/d. Calculate the greatest common factor of 245 and n.
35
Suppose 6 = 2*d, 0*o - 3*d = -o - 8. Let j(r) = -32*r + 2 + o - 26*r - 5. Let f be j(-1). Calculate the highest common divisor of 7 and f.
7
Suppose 0 = -2*a - a + 42. Let y = -4 + 30. Suppose 3*n + 2*x = 172, 0 = -n - x + y + 32. What is the greatest common divisor of a and n?
14
Let u be 2/1*84/8. What is the greatest common factor of 147 and u?
21
Let g be (380/57)/((-20)/(-405)). Suppose -9 = 2*i - 69. What is the greatest common divisor of g and i?
15
Suppose -62 = -4*b + 2. Let d = 69 - 31. Suppose j = 5*c - d, 32 = 5*c + j - 5*j. What is the greatest common divisor of b and c?
8
Let l be (4/5)/((-4)/(-110)). Let o = -34 + l. Let m be (-3 - 0)/3 - o. Calculate the greatest common divisor of m and 11.
11
Suppose q + 2*m = 12, 4*m + 6 - 2 = 5*q. Suppose 2*x = -5*u + 39, q*u = 2*x - 7*x + 55. Calculate the greatest common factor of 49 and x.
7
Let a(m) = -m**3 + 7*m**2 - m - 1. Let u be a(7). Let p be (-42)/u + (-3 - 11/(-4)). Calculate the greatest common divisor of 1 and p.
1
Suppose -20*a = -25*a - 460. Let i = a - -134. Calculate the greatest common divisor of i and 14.
14
Suppose 0 = 2*o - 4*o. Suppose q - 3 - 19 = o. Calculate the greatest common divisor of q and 2.
2
Let b(f) = 88*f + 12. Let q be b(6). What is the highest common factor of 15 and q?
15
Suppose -5*u + 3*l + 33 = 0, -3 + 4 = u - 2*l. What is the highest common divisor of u and 51?
3
Let o = 849 + -832. What is the greatest common factor of o and 204?
17
Let u = -823 - -1884. Suppose u - 253 = 4*v. Suppose -203 = -3*k + v. What is the highest common factor of 54 and k?
27
Let r be (-2272)/(-40) + (-32)/40. What is the greatest common factor of r and 42?
14
Suppose 5*o + 12 = -3*m + 42, 0 = -3*o + 2*m - 1. Let c = -17 - -20. Calculate the greatest common factor of o and c.
3
Suppose -907*r = -892*r - 1650. What is the greatest common factor of r and 40?
10
Let b(s) = 3*s - 5. Let u be b(4). Let i = 3 + u. Let k be (-27)/18*(-20)/3. Calculate the highest common factor of i and k.
10
Let l be 43*1 + (-2)/2. Let z = -4645 + 4659. What is the greatest common divisor of l and z?
14
Let l = 41 + -47. Let a be -33*(-9)/l*10/(-45). Calculate the greatest common factor of a and 88.
11
Let i(r) = -r**2 + 13*r + 17. Let b(g) = 2*g**3 + 8*g**2 + g - 4. Let s be b(-3). Let u be i(s). What is the highest common divisor of 13 and u?
13
Let u be (-5)/10 + (-13)/(-2). Suppose 2*j + u = 4*j. Let g(r) = r**3 + 9*r**2 - 11*r + 11. Let f be g(-10). Calculate the highest common factor of f and j.
3
Suppose -2 = 3*l + 1. Let h be (-1)/(l*(-2)/(-8)). Suppose h*y = 2*y + 378. Calculate the highest common factor of y and 21.
21
Let j = -13 + 21. Let t be ((-5)/(-15))/(2/12). Suppose t*p + 2*h - 48 = 0, -2*p - 2*p + h + 96 = 0. What is the highest common divisor of j and p?
8
Let a be 1*(7 + -3)/(-4). Suppose -5*y + 2*y - 3 = -3*i, 2*y = -4*i - 20. Let p be (-51)/i + (a - 1). What is the highest common factor of p and 3?
3
Let y = -9 + 12. Suppose -y*x + 8 = -x. Calculate the highest common factor of x and 6.
2
Suppose o - 576 = 3*d, -2*o + 0*d = -5*d - 1152. What is the highest common factor of 36 and o?
36
Let h = -1367 - -3419. What is the greatest common divisor of 36 and h?
36
Let n(f) = -9*f - 34. Let r be n(-4). What is the highest common divisor of 1 and r?
1
Let v = -6 + 11. Suppose 4*x - 16 = 0, 4*x - v*x = -4*l + 176. What is the greatest common factor of l and 9?
9
Let q = 358 + -293. Suppose k - 2*a - 5 = 0, -3*a - 1 = -0*k - k. What is the greatest common divisor of k and q?
13
Let y(l) = 27*l**2 + 2*l - 3. Let j be y(-3). Let d(i) = -i**3 + 17*i**2 + 2*i - 8. Let p be d(17). What is the highest common factor of p and j?
26
Suppose -3*n - 252 = -7*n. Let m be (-97)/(-9) - (-14)/n. Let r be (-2 + 0)/(-2) + 76. What is the greatest common divisor of m and r?
11
Let l(d) = d**2 - 2*d + 1. Let v be l(2). Let n = 107 - 108. Let i(g) = 4*g + 9. Let t be i(n). What is the greatest common divisor of t and v?
1
Let p be (14/21)/(3 - (-536)/(-180)). Let d = -7 - -12. What is the greatest common factor of p and d?
5
Let s(q) = -5*q**3 - 3*q**2 + 2. Let k be s(-2). Let x(h) = -h**3 - 4*h**2 - 8*h - 5. Let v be x(-3). What is the greatest common factor of v and k?
10
Suppose 0 = -2*v + 5*o + 140, -4*v + 70*o = 71*o - 214. Suppose 5*g = -5*c + 155, -5*c - 14 + 70 = 2*g. What is the highest common factor of v and g?
11
Suppose -11*s = -20*s + 405. What is the highest common divisor of 1 and s?
1
Suppose -47 = -6*k + 37. What is the greatest common factor of 532 and k?
14
Let a = -52 - -124. Suppose -4*z = -2*m + 52 - 170, -2*m = 2*z - 44. Suppose -3*d + 0*d + z = 0. Calculate the greatest common divisor of d and a.
9
Suppose 78 = -35*z + 288. Calculate the greatest common divisor of 261 and z.
3
Let v(p) = -3*p - 7. Let f be v(-4). Suppose -f*q = -q - 192. Calculate the highest common divisor of q and 120.
24
Let z(i) = 9*i - 3. Let k be (-2)/4*-8*2. Let x be z(k). Let n = -1148 - -1194. Calculate the highest common factor of n and x.
23
Let s be (-1)/(-3) + (-6)/18. Let j be (s - -3) + (1 - 49). Let z be (702/j)/(3/(-10)). Calculate the greatest common factor of z and 13.
13
Let b(w) = 7*w**3 - 5*w**2 + 3*w + 19. Let n be b(4). Calculate the greatest common factor of n and 63.
21
Let m(u) = -u**3 + 13*u**2 - 14*u - 10. Let c be m(12). Let f = c + 52. What is the highest common factor of 162 and f?
18
Let j(m) = -5*m + 9. Let v = -33 - -22. Let g be j(v). Let y be (-1)/((-3)/48*2). Calculate the highest common divisor of y and g.
8
Let r = -1695 - -5294. Calculate the highest common factor of 61 and r.
61
Let i(f) = f**3 - 59*f**2 + 76*f - 279. Let t be i(58). Calculate the highest common factor of 170 and t.
85
Suppose -f = -2*f - 5*b + 210, 0 = f - 4*b - 237. What is the highest common factor of f and 90?
45
Let r(g) = -26 + 57 + 4*g + 2*g**3 + 6*g**2 - 29. Let u be r(-2). What is the greatest common factor of 18 and u?
2
Let g(q) = q**2 - 7*q + 3. Let p be g(7). Let t = p - 2. Let v = t + 4. Calculate the greatest common divisor of v and 5.
5
Suppose -2*o + 54 = -4*z + 152, -z + 4*o = -35. What is the highest common factor of z and 92?
23
Suppose -50*r - 289 = -1889. Let t(c) = 96*c**2. Let u be t(-1). What is the highest common factor of r and u?
32
Let u(c) = 77*c**3. Let h be u(1). Suppose -2 + 5 = i. Suppose 0 = 3*y + i*m - 21, -7 = -y - 0*m + 4*m. Calculate the highest common divisor of h and y.
7
Let q be 195/26*56/50*15. Calculate the greatest common divisor of q and 14.
14
Let h(w) = -w**2 - 12*w + 59. Let s be h(-15). Calculate the highest common divisor of s and 18.
2
Let w be 1 - (8 - 4 - 19). Suppose 0 = -4*x + 3*x. Suppose x = -4*o + o + 96. What is the greatest common divisor of w and o?
16
Let j(l) = -l**3 - 6*l**2 + 4*l - 7. Let w be j(-7). Let f = -7 + w. What is the highest common factor of f and 7?
7
Suppose 18 = 2*b + 2*j, -b - 5 = 5*j + 2. What is the highest common factor of 52 and b?
13
Let q be (-10)/(20/(-14))*69. Calculate the highest common factor of 69 and q.
69
Let u be -7*(34080/35)/(-16). Calculate the greatest common divisor of 24 and u.
6
Let v be 1/1 - (0 - 1). Let h = -69 + -88. Let m = 167 + h. What is the greatest common factor of m and v?
2
Suppose -3*z + q - 3*q = 1470, q = -2*z - 979. Let t = -281 - z. Calculate the greatest common factor of t and 23.
23
Let m = 292 + 464. Calculate the highest common factor of m and 6.
6
Let o = 223 + -159. Calculate the highest common factor of o and 4.
4
Suppose -n + 3*d + 20 = -56, -3*d - 164 = -2*n. Suppose -24*j - n = -25*j. Calculate the highest common divisor of j and 220.
44
Let n = 5 - -8. Let g(l) = -17*l - 4 + 12*l - 4. Let r be g(-12). Calculate the greatest common factor of n and r.
13
Suppose -5*m - 9 - 331 = 0. Let k = 48 - m. Suppose -5*b - k = -1491. Calcula